{"id":13,"date":"2011-12-06T22:02:49","date_gmt":"2011-12-06T22:02:49","guid":{"rendered":"http:\/\/192.168.1.102\/?page_id=13"},"modified":"2019-08-14T15:04:05","modified_gmt":"2019-08-14T15:04:05","slug":"galeria-a-cielo-abierto","status":"publish","type":"page","link":"https:\/\/www.proyectoallen.com.ar\/3\/?page_id=13","title":{"rendered":"Allen una Galeria a Cielo Abierto"},"content":{"rendered":"<p style=\"text-align: justify;\"><strong>\u00a0<\/strong><em>La idea de este proyecto fue realizar 14 murales en distintos puntos de la ciudad que abordar\u00e1n los hitos m\u00e1s importantes de la historia de Allen. El recorrido por los murales har\u00eda de la ciudad una verdadera <\/em><strong>Galer\u00eda a Cielo Abierto<\/strong><em>.<\/em><!--more--><\/p>\n<p style=\"text-align: justify;\"><em>\u00a0<\/em>La \u201cgaler\u00eda\u201d planificada, con folleter\u00eda explicativa, ofrece al espectador un recorrido guiado por la ciudad. El paseo representa un recorrido espacial de la ciudad actual y temporal de su historia cronol\u00f3gica constitutiva. De esta manera, Proyecto Allen (asesoramiento hist\u00f3rico y colaborando en todo el proceso) junto a Chelo Candia realizamos un aporte concreto a los festejos del Centenario de la localidad, dejando instalado un patrimonio cultural que favorezca el desarrollo integral de la comunidad y en particular de los \u00e1mbitos cultural, art\u00edstico, educativo y tur\u00edstico.<\/p>\n<p style=\"text-align: justify;\"><a href=\"http:\/\/www.proyectoallen.com.ar\/3\/wp-content\/uploads\/2011\/12\/035-folleto-con-recorrido-de-la-galeria-large.jpg\"><img loading=\"lazy\" decoding=\"async\" class=\"aligncenter size-large wp-image-8917\" src=\"http:\/\/www.proyectoallen.com.ar\/3\/wp-content\/uploads\/2011\/12\/035-folleto-con-recorrido-de-la-galeria-large-1024x718.jpg\" alt=\"035-folleto-con-recorrido-de-la-galeria-large\" width=\"720\" height=\"505\" srcset=\"https:\/\/www.proyectoallen.com.ar\/3\/wp-content\/uploads\/2011\/12\/035-folleto-con-recorrido-de-la-galeria-large-1024x718.jpg 1024w, https:\/\/www.proyectoallen.com.ar\/3\/wp-content\/uploads\/2011\/12\/035-folleto-con-recorrido-de-la-galeria-large-300x210.jpg 300w, https:\/\/www.proyectoallen.com.ar\/3\/wp-content\/uploads\/2011\/12\/035-folleto-con-recorrido-de-la-galeria-large-250x175.jpg 250w, https:\/\/www.proyectoallen.com.ar\/3\/wp-content\/uploads\/2011\/12\/035-folleto-con-recorrido-de-la-galeria-large.jpg 1541w\" sizes=\"auto, (max-width: 720px) 100vw, 720px\" \/><\/a> <a href=\"http:\/\/www.proyectoallen.com.ar\/3\/wp-content\/uploads\/2011\/12\/036-folleto-con-recorrido-de-la-galeria-large.jpg\"><img loading=\"lazy\" decoding=\"async\" class=\"aligncenter size-large wp-image-8918\" src=\"http:\/\/www.proyectoallen.com.ar\/3\/wp-content\/uploads\/2011\/12\/036-folleto-con-recorrido-de-la-galeria-large-1024x698.jpg\" alt=\"036-folleto-con-recorrido-de-la-galeria-large\" width=\"720\" height=\"491\" srcset=\"https:\/\/www.proyectoallen.com.ar\/3\/wp-content\/uploads\/2011\/12\/036-folleto-con-recorrido-de-la-galeria-large-1024x698.jpg 1024w, https:\/\/www.proyectoallen.com.ar\/3\/wp-content\/uploads\/2011\/12\/036-folleto-con-recorrido-de-la-galeria-large-300x205.jpg 300w, https:\/\/www.proyectoallen.com.ar\/3\/wp-content\/uploads\/2011\/12\/036-folleto-con-recorrido-de-la-galeria-large-250x170.jpg 250w, https:\/\/www.proyectoallen.com.ar\/3\/wp-content\/uploads\/2011\/12\/036-folleto-con-recorrido-de-la-galeria-large.jpg 1584w\" sizes=\"auto, (max-width: 720px) 100vw, 720px\" \/><\/a><\/p>\n<p style=\"text-align: justify;\"><a href=\"http:\/\/www.proyectoallen.com.ar\/3\/wp-content\/uploads\/2011\/12\/1-Declaracion.jpg\"><img loading=\"lazy\" decoding=\"async\" class=\"aligncenter size-large wp-image-8921\" src=\"http:\/\/www.proyectoallen.com.ar\/3\/wp-content\/uploads\/2011\/12\/1-Declaracion-846x1024.jpg\" alt=\"1 Declaracion\" width=\"720\" height=\"871\" srcset=\"https:\/\/www.proyectoallen.com.ar\/3\/wp-content\/uploads\/2011\/12\/1-Declaracion-846x1024.jpg 846w, https:\/\/www.proyectoallen.com.ar\/3\/wp-content\/uploads\/2011\/12\/1-Declaracion-248x300.jpg 248w, https:\/\/www.proyectoallen.com.ar\/3\/wp-content\/uploads\/2011\/12\/1-Declaracion-250x302.jpg 250w\" sizes=\"auto, (max-width: 720px) 100vw, 720px\" \/><\/a><\/p>\n<h4 style=\"text-align: center;\"><strong>Mural Huaike Nelo<\/strong><\/h4>\n<p style=\"text-align: center;\">Este mural es el 1ro que cuenta la historia desde la galer\u00eda pero fue el \u00faltimo en realizar. Fue destruido para poner all\u00ed Garbarino; los due\u00f1os del local iban a colaborar para rehacerlo pero no sucedi\u00f3. Recordemos que cada propietario de las paredes donde se pintar\u00edan los murales debieron autorizarlo por escrito.<\/p>\n<p><a href=\"http:\/\/www.proyectoallen.com.ar\/3\/wp-content\/uploads\/2011\/12\/PANORAMICA-mural-Huaiki-Nel.jpg\"><img loading=\"lazy\" decoding=\"async\" class=\"aligncenter size-large wp-image-7230\" src=\"http:\/\/www.proyectoallen.com.ar\/3\/wp-content\/uploads\/2011\/12\/PANORAMICA-mural-Huaiki-Nel-1024x263.jpg\" alt=\"PANORAMICA-mural-Huaiki-Nel\" width=\"720\" height=\"185\" srcset=\"https:\/\/www.proyectoallen.com.ar\/3\/wp-content\/uploads\/2011\/12\/PANORAMICA-mural-Huaiki-Nel-1024x263.jpg 1024w, https:\/\/www.proyectoallen.com.ar\/3\/wp-content\/uploads\/2011\/12\/PANORAMICA-mural-Huaiki-Nel-300x77.jpg 300w, https:\/\/www.proyectoallen.com.ar\/3\/wp-content\/uploads\/2011\/12\/PANORAMICA-mural-Huaiki-Nel-250x64.jpg 250w, https:\/\/www.proyectoallen.com.ar\/3\/wp-content\/uploads\/2011\/12\/PANORAMICA-mural-Huaiki-Nel.jpg 1600w\" sizes=\"auto, (max-width: 720px) 100vw, 720px\" \/><\/a><\/p>\n<h3 style=\"text-align: center;\"><strong>Fundamentaci\u00f3n del proyecto<br \/>\n<\/strong><\/h3>\n<p style=\"text-align: justify;\"><strong>\u00a0<\/strong><em>Camino al Centenario, Allen ser\u00e1 una ciudad que se cuenta a s\u00ed misma.<\/em><\/p>\n<p style=\"text-align: justify;\"><em>Allen cumple 100 a\u00f1os y mediante esta propuesta buscamos instalar el Centenario en la comunidad, la regi\u00f3n y el pa\u00eds. Creemos que durante todos estos a\u00f1os la ciudad ha recorrido un proceso hist\u00f3rico cuyo sentido y significaci\u00f3n necesita rescatarse como patrimonio cultural comunitario y ponerse a disposici\u00f3n tanto de los vecinos como de los visitantes.<\/em><\/p>\n<p style=\"text-align: justify;\"><em>Por esta raz\u00f3n proponemos trabajar en la construcci\u00f3n de mensajes hist\u00f3ricos a trav\u00e9s de la t\u00e9cnica del mural, como forma de crear identidad comunitaria y de aportar obras que constituir\u00e1n patrimonios para las generaciones futuras. El mural se ofrece, adem\u00e1s, como recurso educativo que interpela a los caminantes desde su propuesta est\u00e9tica, desde los contenidos y tem\u00e1ticas que aborda y desde su ubicaci\u00f3n urbana.<\/em><\/p>\n<p style=\"text-align: justify;\"><em>La propuesta impactar\u00e1 positivamente al dotar a lo localidad de un nuevo atractivo tur\u00edstico, ya que los visitantes tendr\u00e1n la posibilidad de recorrer sus calles, en busca de los hitos hist\u00f3ricos que estar\u00e1n reflejados en los diferentes murales. A su vez se obtendr\u00e1 un recurso did\u00e1ctico y pedag\u00f3gico inmejorable para contarles a nuestros chicos en edad escolar, la historia de su ciudad.<\/em><\/p>\n<p style=\"text-align: justify;\"><em>No es poco cumplir 100 a\u00f1os, son cien a\u00f1os de muchas vidas, de innumerables acontecimientos y deseos. Esta propuesta intenta ligar el pasado al presente, socializar lo significativo de nuestra historia para promover la mirada como una forma de educaci\u00f3n ciudadana. El p\u00fablico en general, los ni\u00f1os y j\u00f3venes en particular, y todos aquellos que caminen y visiten la ciudad tendr\u00e1n una excelente oportunidad para revalorizar nuestro patrimonio hist\u00f3rico interpelando desde el presente la memoria, mecanismo generador de preguntas e \u00edntimamente relacionado con lo que queremos para el futuro.<\/em><\/p>\n<p style=\"text-align: justify;\"><em>La pintura mural es, sin duda, la forma m\u00e1s antigua de la pintura. A lo largo de la historia el hombre se ha expresado de m\u00faltiples maneras en forma gr\u00e1fica, configurando una experiencia con innumerables posibilidades. La sociedad actual se caracteriza por la\u00a0 preeminencia que adquiere la imagen en la vida cotidiana de los sujetos;\u00a0 vivimos en lo que algunos denominan una\u00a0 cultura visual. \u00a0En este contexto, la expresi\u00f3n mural\u00edstica se constituye en un medio privilegiado para comunicar ideas y revalorizar\u00a0 las manifestaciones de los que nos precedieron.<\/em><\/p>\n<p><a href=\"http:\/\/www.proyectoallen.com.ar\/3\/wp-content\/uploads\/2011\/12\/P5230015-Medium.jpg\"><img loading=\"lazy\" decoding=\"async\" class=\"size-large wp-image-8894\" src=\"http:\/\/www.proyectoallen.com.ar\/3\/wp-content\/uploads\/2011\/12\/P5230015-Medium-1024x768.jpg\" alt=\"OLYMPUS DIGITAL CAMERA\" width=\"720\" height=\"540\" srcset=\"https:\/\/www.proyectoallen.com.ar\/3\/wp-content\/uploads\/2011\/12\/P5230015-Medium.jpg 1024w, https:\/\/www.proyectoallen.com.ar\/3\/wp-content\/uploads\/2011\/12\/P5230015-Medium-300x225.jpg 300w, https:\/\/www.proyectoallen.com.ar\/3\/wp-content\/uploads\/2011\/12\/P5230015-Medium-250x188.jpg 250w\" sizes=\"auto, (max-width: 720px) 100vw, 720px\" \/><\/a><\/p>\n<p style=\"text-align: justify;\">El Proyecto \u201cAllen, una galer\u00eda a cielo abierto\u201d es una propuesta de intervenci\u00f3n art\u00edstica y comunicacional que plantea la realizaci\u00f3n de murales como soporte est\u00e9tico\/creativo para contar nuestra historia.<\/p>\n<p style=\"text-align: justify;\"><a href=\"http:\/\/www.proyectoallen.com.ar\/3\/wp-content\/uploads\/2011\/12\/IMGP0923-Medium1.jpg\"><img loading=\"lazy\" decoding=\"async\" class=\"aligncenter size-large wp-image-7826\" src=\"http:\/\/www.proyectoallen.com.ar\/3\/wp-content\/uploads\/2011\/12\/IMGP0923-Medium1-1024x768.jpg\" alt=\"IMGP0923 (Medium)\" width=\"720\" height=\"540\" srcset=\"https:\/\/www.proyectoallen.com.ar\/3\/wp-content\/uploads\/2011\/12\/IMGP0923-Medium1.jpg 1024w, https:\/\/www.proyectoallen.com.ar\/3\/wp-content\/uploads\/2011\/12\/IMGP0923-Medium1-300x225.jpg 300w, https:\/\/www.proyectoallen.com.ar\/3\/wp-content\/uploads\/2011\/12\/IMGP0923-Medium1-250x188.jpg 250w\" sizes=\"auto, (max-width: 720px) 100vw, 720px\" \/><\/a><\/p>\n<p style=\"text-align: justify;\"><a href=\"http:\/\/www.proyectoallen.com.ar\/3\/wp-content\/uploads\/2011\/12\/a.jpg\"><img loading=\"lazy\" decoding=\"async\" class=\"aligncenter size-large wp-image-8924\" src=\"http:\/\/www.proyectoallen.com.ar\/3\/wp-content\/uploads\/2011\/12\/a-1024x751.jpg\" alt=\"a\" width=\"720\" height=\"528\" srcset=\"https:\/\/www.proyectoallen.com.ar\/3\/wp-content\/uploads\/2011\/12\/a-1024x751.jpg 1024w, https:\/\/www.proyectoallen.com.ar\/3\/wp-content\/uploads\/2011\/12\/a-300x220.jpg 300w, https:\/\/www.proyectoallen.com.ar\/3\/wp-content\/uploads\/2011\/12\/a-250x183.jpg 250w\" sizes=\"auto, (max-width: 720px) 100vw, 720px\" \/><\/a> <a href=\"http:\/\/www.proyectoallen.com.ar\/3\/wp-content\/uploads\/2011\/12\/b.jpg\"><img loading=\"lazy\" decoding=\"async\" class=\"aligncenter size-large wp-image-8925\" src=\"http:\/\/www.proyectoallen.com.ar\/3\/wp-content\/uploads\/2011\/12\/b-1024x722.jpg\" alt=\"b\" width=\"720\" height=\"508\" srcset=\"https:\/\/www.proyectoallen.com.ar\/3\/wp-content\/uploads\/2011\/12\/b-1024x722.jpg 1024w, https:\/\/www.proyectoallen.com.ar\/3\/wp-content\/uploads\/2011\/12\/b-300x211.jpg 300w, https:\/\/www.proyectoallen.com.ar\/3\/wp-content\/uploads\/2011\/12\/b-250x176.jpg 250w\" sizes=\"auto, (max-width: 720px) 100vw, 720px\" \/><\/a> <a href=\"http:\/\/www.proyectoallen.com.ar\/3\/wp-content\/uploads\/2011\/12\/c.jpg\"><img loading=\"lazy\" decoding=\"async\" class=\"aligncenter size-large wp-image-8926\" src=\"http:\/\/www.proyectoallen.com.ar\/3\/wp-content\/uploads\/2011\/12\/c-424x1024.jpg\" alt=\"c\" width=\"424\" height=\"1024\" srcset=\"https:\/\/www.proyectoallen.com.ar\/3\/wp-content\/uploads\/2011\/12\/c-424x1024.jpg 424w, https:\/\/www.proyectoallen.com.ar\/3\/wp-content\/uploads\/2011\/12\/c-124x300.jpg 124w, https:\/\/www.proyectoallen.com.ar\/3\/wp-content\/uploads\/2011\/12\/c-250x604.jpg 250w, https:\/\/www.proyectoallen.com.ar\/3\/wp-content\/uploads\/2011\/12\/c.jpg 507w\" sizes=\"auto, (max-width: 424px) 100vw, 424px\" \/><\/a> <a href=\"http:\/\/www.proyectoallen.com.ar\/3\/wp-content\/uploads\/2011\/12\/d.jpg\"><img loading=\"lazy\" decoding=\"async\" class=\"aligncenter size-large wp-image-8927\" src=\"http:\/\/www.proyectoallen.com.ar\/3\/wp-content\/uploads\/2011\/12\/d-548x1024.jpg\" alt=\"d\" width=\"548\" height=\"1024\" srcset=\"https:\/\/www.proyectoallen.com.ar\/3\/wp-content\/uploads\/2011\/12\/d-548x1024.jpg 548w, https:\/\/www.proyectoallen.com.ar\/3\/wp-content\/uploads\/2011\/12\/d-161x300.jpg 161w, https:\/\/www.proyectoallen.com.ar\/3\/wp-content\/uploads\/2011\/12\/d-250x467.jpg 250w, https:\/\/www.proyectoallen.com.ar\/3\/wp-content\/uploads\/2011\/12\/d.jpg 667w\" sizes=\"auto, (max-width: 548px) 100vw, 548px\" \/><\/a><\/p>\n<p style=\"text-align: justify;\"><a href=\"http:\/\/www.proyectoallen.com.ar\/3\/wp-content\/uploads\/2011\/12\/24.jpg\"><img loading=\"lazy\" decoding=\"async\" class=\"aligncenter size-large wp-image-8923\" src=\"http:\/\/www.proyectoallen.com.ar\/3\/wp-content\/uploads\/2011\/12\/24-416x1024.jpg\" alt=\"2\" width=\"416\" height=\"1024\" srcset=\"https:\/\/www.proyectoallen.com.ar\/3\/wp-content\/uploads\/2011\/12\/24-416x1024.jpg 416w, https:\/\/www.proyectoallen.com.ar\/3\/wp-content\/uploads\/2011\/12\/24-122x300.jpg 122w, https:\/\/www.proyectoallen.com.ar\/3\/wp-content\/uploads\/2011\/12\/24-250x615.jpg 250w, https:\/\/www.proyectoallen.com.ar\/3\/wp-content\/uploads\/2011\/12\/24.jpg 894w\" sizes=\"auto, (max-width: 416px) 100vw, 416px\" \/><\/a><\/p>\n<p style=\"text-align: justify;\"><a href=\"http:\/\/www.proyectoallen.com.ar\/3\/wp-content\/uploads\/2011\/12\/11.jpg\"><img loading=\"lazy\" decoding=\"async\" class=\"aligncenter size-large wp-image-8922\" src=\"http:\/\/www.proyectoallen.com.ar\/3\/wp-content\/uploads\/2011\/12\/11-825x1024.jpg\" alt=\"1\" width=\"720\" height=\"894\" srcset=\"https:\/\/www.proyectoallen.com.ar\/3\/wp-content\/uploads\/2011\/12\/11-825x1024.jpg 825w, https:\/\/www.proyectoallen.com.ar\/3\/wp-content\/uploads\/2011\/12\/11-242x300.jpg 242w, https:\/\/www.proyectoallen.com.ar\/3\/wp-content\/uploads\/2011\/12\/11-250x310.jpg 250w, https:\/\/www.proyectoallen.com.ar\/3\/wp-content\/uploads\/2011\/12\/11.jpg 1324w\" sizes=\"auto, (max-width: 720px) 100vw, 720px\" \/><\/a><\/p>\n<p style=\"text-align: center;\"><strong>Mural Educaci\u00f3n\/Composici\u00f3n\u00a0<\/strong><\/p>\n<p style=\"text-align: justify;\">Este mural hoy casi no existe. Fue grafiteado y por supuesto se ha culpado a los j\u00f3venes (una vez m\u00e1s) por ello. El Colegio en donde estaba emplazado j\u00e1mas lo hizo suyo, nunca plantaron en el cantero aunque mas no sea aloe vera (que necesita casi nada de agua) para que los chicos de la escuela incorporen, por cursos, esta responsabilidad como parte del aprendizaje de cualquiera de las materia, como parte del trabajo transversal en valores y\/o contenidos actitudinales. Nunca se us\u00f3 el mural en la materia Pl\u00e1stica (salvo algunas primarias), se nos convoc\u00f3 a charlas escolares para analizar la t\u00e9cnica, para cotar la historia del proyecto o lo que cuenta el mural (tem\u00e1ticas para materias como: Historia, Lengua, geograf\u00eda, etc)<\/p>\n<p><a href=\"http:\/\/www.proyectoallen.com.ar\/3\/wp-content\/uploads\/2011\/12\/composicion-3minima-Medium1.jpg\"><img loading=\"lazy\" decoding=\"async\" class=\"aligncenter size-full wp-image-7231\" src=\"http:\/\/www.proyectoallen.com.ar\/3\/wp-content\/uploads\/2011\/12\/composicion-3minima-Medium1.jpg\" alt=\"composicion 3minima (Medium)\" width=\"582\" height=\"600\" srcset=\"https:\/\/www.proyectoallen.com.ar\/3\/wp-content\/uploads\/2011\/12\/composicion-3minima-Medium1.jpg 582w, https:\/\/www.proyectoallen.com.ar\/3\/wp-content\/uploads\/2011\/12\/composicion-3minima-Medium1-291x300.jpg 291w, https:\/\/www.proyectoallen.com.ar\/3\/wp-content\/uploads\/2011\/12\/composicion-3minima-Medium1-250x258.jpg 250w\" sizes=\"auto, (max-width: 582px) 100vw, 582px\" \/><\/a><\/p>\n<p>&nbsp;<\/p>\n<p style=\"text-align: center;\"><strong>Chelo y Mar\u00eda en Mural Automovilismo<\/strong><\/p>\n<p><a href=\"http:\/\/www.proyectoallen.com.ar\/3\/wp-content\/uploads\/2011\/12\/cheloconmar\u00eda.jpg\"><img loading=\"lazy\" decoding=\"async\" class=\"aligncenter size-full wp-image-7232\" src=\"http:\/\/www.proyectoallen.com.ar\/3\/wp-content\/uploads\/2011\/12\/cheloconmar\u00eda.jpg\" alt=\"cheloconmar\u00eda\" width=\"800\" height=\"509\" srcset=\"https:\/\/www.proyectoallen.com.ar\/3\/wp-content\/uploads\/2011\/12\/cheloconmar\u00eda.jpg 800w, https:\/\/www.proyectoallen.com.ar\/3\/wp-content\/uploads\/2011\/12\/cheloconmar\u00eda-300x191.jpg 300w, https:\/\/www.proyectoallen.com.ar\/3\/wp-content\/uploads\/2011\/12\/cheloconmar\u00eda-250x159.jpg 250w\" sizes=\"auto, (max-width: 800px) 100vw, 800px\" \/><\/a><\/p>\n<h3 style=\"text-align: center;\">\u00a0Mira el proceso creativo de uno de los murales<\/h3>\n<p><iframe loading=\"lazy\"  id=\"_ytid_29027\"  width=\"480\" height=\"360\"  data-origwidth=\"480\" data-origheight=\"360\" src=\"https:\/\/www.youtube.com\/embed\/vm5GasgE48s?enablejsapi=1&#038;autoplay=0&#038;cc_load_policy=0&#038;cc_lang_pref=&#038;iv_load_policy=1&#038;loop=0&#038;rel=0&#038;fs=1&#038;playsinline=0&#038;autohide=2&#038;theme=dark&#038;color=red&#038;controls=1&#038;\" class=\"__youtube_prefs__  epyt-is-override  no-lazyload\" title=\"YouTube player\"  allow=\"fullscreen; accelerometer; autoplay; clipboard-write; encrypted-media; gyroscope; picture-in-picture\" allowfullscreen data-no-lazy=\"1\" data-skipgform_ajax_framebjll=\"\"><\/iframe><\/p>\n<p>&nbsp;<\/p>\n<h3 style=\"text-align: center;\"><strong>Equipo de Trabajo<\/strong><\/h3>\n<p style=\"text-align: justify;\"><strong>Chelo Candia <\/strong>Artista visual. Dibujante, historietista, muralista. Gestor cultural. Estudiante avanzado de la Licenciatura de Comunicaci\u00f3n Social. <strong>Colaborador del Proyecto Allen. <\/strong><\/p>\n<p style=\"text-align: justify;\"><strong>Mar\u00eda Langa <\/strong>Artista Visual. Gestora cultural. Estudiante avanzada de la Licenciatura de Comunicaci\u00f3n Social. <strong>Integrante del Proyecto Allen<\/strong>.<\/p>\n<p style=\"text-align: justify;\"><strong>Graciela Vega <\/strong>Profesora en Historia. Gestora Cultural. Coordinadora del grupo de trabajo <strong>Proyecto Allen. <\/strong><\/p>\n<p style=\"text-align: justify;\"><strong>Leonardo Stickel <\/strong>Dise\u00f1ador. Gestor cultural. Estudiante avanzado de la Licenciatura de Comunicaci\u00f3n Social y Dise\u00f1o Gr\u00e1fico. <strong>Integrante del Proyecto Allen. <\/strong><\/p>\n<h3 style=\"text-align: center;\">CLICK<a href=\"http:\/\/bit.ly\/phN6Xd\">\u00a0AC\u00c1 para ver todos los murales<\/a>\u00a0el blog del Chelo<\/h3>\n<p><a href=\"http:\/\/www.proyectoallen.com.ar\/3\/wp-content\/uploads\/2011\/12\/4-3.jpg\"><img loading=\"lazy\" decoding=\"async\" class=\"aligncenter size-large wp-image-8930\" src=\"http:\/\/www.proyectoallen.com.ar\/3\/wp-content\/uploads\/2011\/12\/4-3.jpg\" alt=\"4 (3)\" width=\"720\" height=\"562\" srcset=\"https:\/\/www.proyectoallen.com.ar\/3\/wp-content\/uploads\/2011\/12\/4-3.jpg 960w, https:\/\/www.proyectoallen.com.ar\/3\/wp-content\/uploads\/2011\/12\/4-3-300x234.jpg 300w, https:\/\/www.proyectoallen.com.ar\/3\/wp-content\/uploads\/2011\/12\/4-3-250x195.jpg 250w\" sizes=\"auto, (max-width: 720px) 100vw, 720px\" \/><\/a> <a href=\"http:\/\/www.proyectoallen.com.ar\/3\/wp-content\/uploads\/2011\/12\/376466_2840836305437_1395191096_33148678_1175780853_n.jpg\"><img loading=\"lazy\" decoding=\"async\" class=\"aligncenter size-large wp-image-8931\" src=\"http:\/\/www.proyectoallen.com.ar\/3\/wp-content\/uploads\/2011\/12\/376466_2840836305437_1395191096_33148678_1175780853_n.jpg\" alt=\"376466_2840836305437_1395191096_33148678_1175780853_n\" width=\"720\" height=\"540\" srcset=\"https:\/\/www.proyectoallen.com.ar\/3\/wp-content\/uploads\/2011\/12\/376466_2840836305437_1395191096_33148678_1175780853_n.jpg 960w, https:\/\/www.proyectoallen.com.ar\/3\/wp-content\/uploads\/2011\/12\/376466_2840836305437_1395191096_33148678_1175780853_n-300x225.jpg 300w, https:\/\/www.proyectoallen.com.ar\/3\/wp-content\/uploads\/2011\/12\/376466_2840836305437_1395191096_33148678_1175780853_n-250x188.jpg 250w\" sizes=\"auto, (max-width: 720px) 100vw, 720px\" \/><\/a><\/p>\n<p>&nbsp;<\/p>\n<p style=\"text-align: center;\">ngg_shortcode_0_placeholder<\/p>\n<p><strong>La Galeria en la Web<\/strong><\/p>\n<p><a href=\"http:\/\/www.hayprensa.com.ar\/?p=6753\">\u201c\u00a1Memoria!\u201d: El nuevo mural en la Galer\u00eda a Cielo Abierto de Allen<\/a><\/p>\n<p><a href=\"http:\/\/www.lasuperdigital.com.ar\/ficha.php?aId=11832\">Nuevo mural en la \u00abGaler\u00eda a Cielo Abierto\u00bb de Allen<\/a><\/p>\n<p><a href=\"http:\/\/www.argentina123.com.ar\/Rio_Negro\/Allen.php\">Guia de viajes Argentina 123<\/a><\/p>\n<p><a href=\"http:\/\/www.goear.com\/listen\/bf54968\/entrevista-chelo-candia-a-contramano\">Entrevista Chelo Candia &#8211; A Contramano<\/a><\/p>\n<p><a href=\"http:\/\/www.lasuperdigital.com.ar\/ficha.php?aId=6847\">Allen: la historia a Cielo Abierto<\/a><\/p>\n<p><a href=\"http:\/\/www.cadenaintegracion.com.ar\/desarro_noti.php?cod=11830\">TERMINARON OTRO MURAL EN ALLEN <\/a><\/p>\n<p><a href=\"http:\/\/w1.lmneuquen.com.ar\/lmcipolletti\/08-07-29\/n_cipo5.asp\">Un mural a la memoria<\/a><\/p>\n<p><a href=\"http:\/\/trecientossesenta.blogspot.com.ar\/2010\/07\/jornadas-muraleras-en-allen.html\">Jornadas muraleras en Allen<\/a><\/p>\n<p><a href=\"http:\/\/www.rionegro.com.ar\/diario\/rn\/nota.aspx?idart=624391&amp;idcat=9521&amp;tipo=2\">Nuevo mural en la Galer\u00eda a Cielo Abierto de Allen <\/a><\/p>\n<p><a href=\"http:\/\/www.rionegro.com.ar\/diario\/rn\/nota.aspx?idart=640951&amp;idcat=9524&amp;tipo=2\">\u00ab\u00a1MEMORIA!\u00bb, un nuevo mural en Allen<\/a><strong><br \/>\n<\/strong><\/p>\n<p><a href=\"http:\/\/www.allen.gob.ar\/turismo\/pruebaqvisitar.php\">Circuitos<\/a><\/p>\n<p><a href=\"http:\/\/www.clubuniondeallen.com.ar\/2010\/09\/el-mural-deportivo.html\">EL MURAL DEPORTIVO <\/a><\/p>\n<p><a href=\"http:\/\/www.centenariodeallen.com.ar\/2010\/04\/comienzan-pintar-unas-serie-de-murales.html\">Comienzan a pintar unas serie de murales hist\u00f3ricos <\/a><\/p>\n<p><a href=\"http:\/\/www.centenariodeallen.com.ar\/2010\/09\/quinto-encuentro-por-el-ciclo-de.html\">Quinto encuentro por el ciclo de conferencias de allenses destacados <\/a><\/p>\n<p><a href=\"http:\/\/www.infoallen.com.ar\/index.php\/component\/content\/article\/309-allen-tiene-un-nuevo-mural-.html\">ALLEN TIENE UN NUEVO MURAL<\/a><\/p>\n<p><a href=\"http:\/\/www.ciudaddeallen.com.ar\/noticias\/detalles.asp?id=3832&amp;categoria=25\">Allen puede convertirse en una galer\u00eda a cielo abierto<\/a><\/p>\n<p><a href=\"http:\/\/www.ciudaddeallen.com.ar\/noticias\/detalles.asp?id=3161&amp;categoria=25\">Terminaron el s\u00e9ptimo mural<\/a><\/p>\n<p><a href=\"http:\/\/www.ciudaddeallen.com.ar\/noticias\/detalles.asp?id=3832&amp;categoria=25\">La Memoria en un nuevo mural<\/a><\/p>\n<p><a href=\"http:\/\/www.ciudaddeallen.com.ar\/noticias\/detalles.asp?id=3757&amp;categoria=25\">Ya hay doce murales<\/a><\/p>\n<p><a href=\"http:\/\/www.ciudaddeallen.com.ar\/noticias\/detalles.asp?id=3703&amp;categoria=25\">Nuevo mural de Chelo Candia<\/a><\/p>\n<p><a href=\"http:\/\/www.ciudaddeallen.com.ar\/noticias\/detalles.asp?id=3097&amp;categoria=25\">El CEM 71 ya integra la Galer\u00eda a Cielo abierto<\/a><\/p>\n<p><a href=\"http:\/\/www.ciudaddeallen.com.ar\/noticias\/detalles.asp?id=3287&amp;categoria=25\">El deporte allense de todos los tiempos en un mural<\/a><\/p>\n<p><a href=\"http:\/\/www.ciudaddeallen.com.ar\/noticias\/detalles.asp?id=3320&amp;categoria=22\">Un mural en memoria a los pueblos originarios<\/a><\/p>\n<p><a href=\"http:\/\/www.ciudaddeallen.com.ar\/noticias\/detalles.asp?id=3367&amp;categoria=25\">Mural por los artistas allenses de ayer y hoy<\/a><\/p>\n<p><a href=\"http:\/\/www.ciudaddeallen.com.ar\/noticias\/detalles.asp?id=3046&amp;categoria=25\">Ya est\u00e1 listo el cuarto mural<\/a><\/p>\n<p><a href=\"http:\/\/www.ciudaddeallen.com.ar\/noticias\/detalles.asp?id=2915&amp;categoria=25\">Nuestro Hospital ya se sum\u00f3 a la Galer\u00eda a cielo abierto <\/a><\/p>\n<p><a href=\"http:\/\/www.ciudaddeallen.com.ar\/noticias\/detalles.asp?id=2882&amp;categoria=25\">Proyecto Allen culmin\u00f3 un nuevo mural<\/a><\/p>\n<p><a href=\"http:\/\/www.ciudaddeallen.com.ar\/noticias\/detalles.asp?id=2844&amp;categoria=25\">Pronto se podr\u00e1 recorrer una \u201cgaler\u00eda a cielo abierto\u201d<\/a><\/p>\n<p><strong><a href=\"https:\/\/www.youtube.com\/watch?v=tjJAML4ODxg\">Programa Juntos para sumar sobre la Galer\u00eda.<\/a><br \/>\n<\/strong><\/p>\n<p><a href=\"http:\/\/www.proyectoallen.com.ar\/3\/wp-content\/uploads\/2011\/12\/385890_2840843025605_1395191096_33148686_175960844_n.jpg\"><img loading=\"lazy\" decoding=\"async\" class=\"aligncenter size-full wp-image-7225\" src=\"http:\/\/www.proyectoallen.com.ar\/3\/wp-content\/uploads\/2011\/12\/385890_2840843025605_1395191096_33148686_175960844_n.jpg\" alt=\"385890_2840843025605_1395191096_33148686_175960844_n\" width=\"960\" height=\"720\" srcset=\"https:\/\/www.proyectoallen.com.ar\/3\/wp-content\/uploads\/2011\/12\/385890_2840843025605_1395191096_33148686_175960844_n.jpg 960w, https:\/\/www.proyectoallen.com.ar\/3\/wp-content\/uploads\/2011\/12\/385890_2840843025605_1395191096_33148686_175960844_n-300x225.jpg 300w, https:\/\/www.proyectoallen.com.ar\/3\/wp-content\/uploads\/2011\/12\/385890_2840843025605_1395191096_33148686_175960844_n-250x188.jpg 250w\" sizes=\"auto, (max-width: 960px) 100vw, 960px\" \/><\/a><\/p>\n","protected":false},"excerpt":{"rendered":"<p>\u00a0La idea de este proyecto fue realizar 14 murales en distintos puntos de la ciudad que abordar\u00e1n los hitos m\u00e1s importantes de la historia de Allen. El recorrido por los murales har\u00eda de la&#46;&#46;&#46;<\/p>\n","protected":false},"author":1,"featured_media":0,"parent":0,"menu_order":0,"comment_status":"open","ping_status":"open","template":"","meta":{"ngg_post_thumbnail":0,"footnotes":""},"class_list":["post-13","page","type-page","status-publish","hentry"],"_links":{"self":[{"href":"https:\/\/www.proyectoallen.com.ar\/3\/index.php?rest_route=\/wp\/v2\/pages\/13","targetHints":{"allow":["GET"]}}],"collection":[{"href":"https:\/\/www.proyectoallen.com.ar\/3\/index.php?rest_route=\/wp\/v2\/pages"}],"about":[{"href":"https:\/\/www.proyectoallen.com.ar\/3\/index.php?rest_route=\/wp\/v2\/types\/page"}],"author":[{"embeddable":true,"href":"https:\/\/www.proyectoallen.com.ar\/3\/index.php?rest_route=\/wp\/v2\/users\/1"}],"replies":[{"embeddable":true,"href":"https:\/\/www.proyectoallen.com.ar\/3\/index.php?rest_route=%2Fwp%2Fv2%2Fcomments&post=13"}],"version-history":[{"count":23,"href":"https:\/\/www.proyectoallen.com.ar\/3\/index.php?rest_route=\/wp\/v2\/pages\/13\/revisions"}],"predecessor-version":[{"id":9319,"href":"https:\/\/www.proyectoallen.com.ar\/3\/index.php?rest_route=\/wp\/v2\/pages\/13\/revisions\/9319"}],"wp:attachment":[{"href":"https:\/\/www.proyectoallen.com.ar\/3\/index.php?rest_route=%2Fwp%2Fv2%2Fmedia&parent=13"}],"curies":[{"name":"wp","href":"https:\/\/api.w.org\/{rel}","templated":true}]}}